+ 55 + -93 + 10.
-85
What is (-49 - 23) + 73 - (-2 + 3 + -3) - -83?
86
Calculate (7 - (-1 + 2)) + -12 + -13 + 23 + -18.
-14
What is the value of (-1078 - -1069) + -3 + 17?
5
What is the value of (35 - (26 + -36 + 19)) + -20 - (-8 - -1)?
13
Evaluate 22 - (18 - 15 - 23).
42
Evaluate -7 - -17 - (10 + 15 - 13) - -32.
30
What is 20 - -3 - (73 - (-20 - -8))?
-62
What is the value of -36 + (-21 + 7 - -15) + -10 + (0 - -3)?
-42
What is the value of (87 - 40) + 27 - 0?
74
What is -6 + ((18 - -1) + 2 - 7) + -1 + 0?
7
Calculate 13 - (7 + -12 + 12 + (-1 - -65) + 1).
-59
(-12 - -1) + 17 + -21 + 52 + -3
34
What is the value of 25 + (-20 - (31 + (10 - 29)))?
-7
Evaluate -33 + (-78 - -148) + -28.
9
-33 + (-14 - -16 - (2 - (-8 - -1)))
-40
Evaluate 35661 + -35673 - (4 + -2 + -14 + 1).
-1
What is 113 + (-19 - (20 - 28)) + (-1 - -8 - 7)?
102
Evaluate -1014 - -974 - ((7 - 1) + (2 - (8 + -5))).
-45
What is 13 - (-22 + 36 - (0 + 4 + 49))?
52
What is the value of (37 - 1) + -70 + 71 + -27?
10
Calculate -5 + (34 - ((9 - 31) + 46)).
5
Evaluate (-1 - ((0 - -2) + -3 + 12)) + (-389 - -382).
-19
What is -63 - (212 + -284) - (-1 - -73)?
-63
5 + 5 + -2 + (-94 + 12 - 5)
-79
What is the value of (-28 - -34 - -29) + -47?
-12
(6 - -1 - -78) + (-10 - 21)
54
-2 + 54 - (-21 - (-9 + (-1 - (10 - -7))))
46
What is -5665 + 5700 + -137 + 0?
-102
Calculate -10 - (-112 + (32 - 10) + -2 - 24).
106
What is the value of -127 - (20 + -206 + 96)?
-37
What is the value of -60 - (-62 - -2 - -13)?
-13
-1 - (-30 + 7 + -1)
23
What is the value of -38 + 33 + -24 + -8 + 3 + 0?
-34
-1 + -20 - (-116 + 95)
0
(-132 + 159 - -15) + -148
-106
What is (19 - -1 - 145) + 3 + 12 + -8?
-118
Calculate 5 + (-3 - (-2 + 3)) + (-11 - (11 - 28)).
7
Evaluate -66 + 84 + 18 + 7 + 3.
46
Evaluate -5531 - -5543 - (-43 - 0).
55
What is -42 + -38 + (29 - 6)?
-57
What is the value of -11 - (-89 + (29 - (20 + -5) - 14))?
78
What is the value of -2 + 8 + 16 + (-12 - 1)?
9
Calculate -21 + 1 + -1 + 6 - (-158 - -81).
62
Calculate (17 - 32) + -15 + 51 + 14.
35
What is the value of 23 + 14 - ((-16 - (-4 - 5)) + 21)?
23
What is the value of -9 + 29 - (-58 - -23) - 6?
49
What is (-9 - (1 + -8) - (-59 - -14)) + -3 - 8?
32
18 + (2 - 7) + 11 + -5
19
Evaluate -12 + 32 - (-13 + 67).
-34
1 - 1 - (17 + (-23 - (-12 - -8 - 40)))
-38
Calculate -29 + 68 + 15 + -7.
47
What is -51 - (-21 + 9 + 8) - (0 + -4 - -6)?
-49
What is (-8 - -11) + -16 + (-3 - (1 - -1))?
-18
Calculate 15 + (-15 - (0 + -7 + 31 + -5)).
-19
What is (1 - 75) + (8 - 25 - -4) + 4?
-83
What is the value of -8 + (1 - 8 - (-8 + -1)) - -14?
8
What is (0 - -2) + 3 + (1850 - 1828)?
27
Evaluate 61 + 0 + (-5307 - -5278).
32
What is 100 + -25 + (-10 + 5 - -4 - -3)?
77
What is the value of (28 - (-14 + 35)) + -3 + -120 + 2 + 7?
-107
Calculate -217 + 212 + (37 - (3 - -2 - 1)).
28
What is the value of 7 - 22 - (-185 - -141)?
29
What is the value of (98 - 102 - (-13 + -1)) + (-40 - -25)?
-5
7 - (6 + 0 + -11 + (-7 + 17 - -5))
-3
What is the value of (-4 - 1) + -25 - (-6 - (11 + -5))?
-18
What is the value of 101 - (-3 + -15 + 68)?
51
Calculate 2 - 3 - (-21 + 25) - (18 + (10 - 16)).
-17
-197 + 21 + 207 + 1 + 28
60
(0 - 5 - 49 - (9 + 4 - 23)) + -10
-54
What is (-90 - (15 - 30)) + 23 + 14?
-38
What is the value of 2 + (11 - 3) + 23 + 4 + -26 + 6?
17
Calculate 10 + -6 - (66 - (0 - 0) - 10).
-52
What is (-370 - -107) + 223 - (-1 + 37)?
-76
Evaluate 2 - (4 + (-7 - -13) - -14).
-22
Evaluate (42 - (106 - 70)) + 81.
87
What is 3 + 26 - (-7131 - -7098)?
62
What is the value of -9 + 26 + (16 - 32) + -6 + 1?
-4
What is -3 + (4 + 0 + 36 + -5 - (-349 - -362))?
19
What is 509 + -370 + -64 + -12?
63
Evaluate (-3 + -3 - 4) + -87 + 21 + (24 - 40).
-92
Calculate (17 + 53 + -45 - (-14 + 0)) + 11.
50
Evaluate (-66 - (-45 + -3)) + (29 - -4).
15
What is the value of (29 - (6 + 13 - 7) - -7) + -13?
11
98 + (5 + 0 + -14 - 12)
77
Evaluate (-138 - -122) + 7 + 38.
29
What is -4 + -7 + -6 + 3 + (12 - 21)?
-23
Evaluate -124 + 168 + -61 + 1 + -33.
-49
Calculate 721 - 710 - (3 + (-1 + -2 - 47) + -5).
63
What is the value of 26 + 15 + -126 + 46?
-39
What is -6 + -24 + (16 - 0) + (-113 - -25)?
-102
Evaluate -15 + -30 + 47 + -60.
-58
What is (-9 - ((24 - 31) + -10)) + -72?
-64
(9 + 1 - (36 - (40 - -1))) + 2
17
30 + -67 - 10 - -100
53
(56 - 86) + 138 - 56
52
Calculate -69 - (57 - 14) - -64.
-48
What is -13 + 45 - (-178 - -234)?
-24
(-24 - 57) + 282 + -186
15
Evaluate 37 + -128 + 49 + 55.
13
What is the value of 23 - (8 - 61) - 54?
22
What is -20 - 0 - -54 - (-109 - -147)?
-4
What is the value of -56 + (-6 - (-7 + (6 - 2))) - (-15 - -11)?
-55
Evaluate -1 + -8 + (-18 + -15 - -54 - 4) - -6.
14
What is the value of (5 - 8) + -2 + 44 + -24 + -9 - -25?
31
What is the value of 43 - 34 - (-51 + (0 - (0 + -6)))?
54
What is -7 + (42 - 22) + -7 + -10 + 43?
39
Calculate 33 + (-91 - 2) + -65 + 73.
-52
What is 17 + 51 + -115 + 37?
-10
What is (5 + 1 - 11 - (2 - 9)) + 1 + -16?
-13
(-3 - (-2 - 0)) + (372 - 346)
25
Calculate 49 + -42 + -32 + -1 + -8.
-34
Evaluate (0 + 4 - (0 - 5)) + -21 + 16.
4
Evaluate 75 + -94 + (-6 + 5 - 0) + 9 - 59.
-70
Calculate (14 - 30) + (1 - (-6 - -14)) + 0.
-23
Evaluate 7 + 0 + (1356 - 1353) + 57.
67
66 + -154 + 76 + 25
13
What is -4 + (-13 + 24 - (2 + 82) - -15)?
-62
Calculate 118 - (-1 + -11 - ((-20 - -8 - -17) + -17)).
118
What is 35 - (-140 + 80 - 21)?
116
What is 0 + -8 + (305 - (-73 - -325))?
45
Calculate -48 - (12 + -6 - 52) - (1 - 52).
49
Evaluate 12 - ((-7 - (12 + -12)) + -5 + 25).
-1
What is the value of (-30 - (42 - 19)) + 16 + -7?
-44
45 + (28 - 10 - 33) + 3
33
Evaluate -77 + -4 - (13 - (6 + 5) - (12 + 2)).
-69
Calculate -1611 + 1560 + (56 - -1) + -1 + -48.
-43
Evaluate (-6 - -8) + -114 + 110 - (6 + -102).
94
Evaluate (-1 + -8 - ((-6 - 5) + -7)) + (2 - 6).
5
What is (1 - -180) + -2701 + 2632?
112
Calculate (-20 - -62) + 14 + -34.
22
-23 + 66 + -10 + (5 - -7)
45
3 + -44 + 6 + 1421 + -1318
68
(-46 - 21) + (-17 - -47)
-37
Calculate -46 + 36 + 2 + (-9 + 65 - (-1 + -3)).
52
Calculate -3 + 6 - 16 - (-4 + 2) - 24.
-35
What is (27 - (-6 + 47)) + 6 + (60 - 0)?
52
6 + (4 + 31 - 10) + 7 + -11 + 2
29
What is the value of (95 - (-17 - -38)) + 4?
78
What is the value of 32 + 0 + -70 - -2?
-36
Calculate -24 + (-20 - 4) + 14.
-34
Calculate 3 + 45 - (6 - (-9 - -19) - -10).
42
Evaluate 136 + 1 - (2105 - 2053).
85
Calculate -241 + 211 - (-26 - (3 + -3)).
-4
Evaluate 22 - (1 + -3) - (-719 - -735).
8
-48 - (5 - -62 - 92)
-23
What is the value of -13 - (-14 - -6 - 18 - -17)?
-4
(244 - 207) + (2 - 14 - ((1 - 4) + 4))
24
What is -39 - (-3 - -65 - 49)?
-52
What is the value of (-4 + 5 - 9) + (-13 - (33 - (-1 - -8)))?
-47
Evaluate 5182 + -5284 - (-2 + -23).
-77
Evaluate 3 + -18 + ((58 - 6) + -5 - 1).
31
Evaluate -75 - (-37 + -18 + 16).
-36
Calculate -523 - -531 - (-2 + 22) - 30.
-42
32 - 12 - (-68 + 58)
30
What is -36 - (-31 - 0) - (28 + 5)?
-38
Evaluate 57 - (-42 - (-63 - 23)).
13
What is -11 + 2 + (-2 - (10 - 16) - (2 + 0))?
-7
What is the value of -12 + 6 + -8 + 6 + 5 - 39?
-42
(-844 - -774) + (-18 - -2)
-86
157 + -1 + 26 + -54 + 6
134
What is 0 + 77 - (-240 - -263)?
54
What is the value of (-15 + 9 - -15 - 23) + 3 - 20?
-31
What is the value of -2 - (-41 + 126 + -27)?
-60
Evaluate 46 - 0 - (229 + -170 - 55).
42
What is the value of 5 + (6 + 1 + 0 - (39 - (-16 + -3)))?
-46
-107 - -192 - 129 - (-68 + 1)
23
-16 + 44 + (5 + 2 - (3 + 0))
32
Calculate 7 - -1 - (-781 + 922 + -1 + -19).
-113
What is (-46 - (-13 - (-16 - (-2 - -17)))) + -8?
-72
Calculate -134 + 3 + 13 + 42 + -31 + -14 + 3.
-118
Evaluate -20 + (30 + -67 - -55).
-2
Calculate 26 - 4 - -19 - 18 - 51.
-28
Evaluate -18 - (-16 + 22 + -16 + 80 + -7).
-81
What is the value of (2 - 0) + -38 - (82 - 111 - -35)?
-42
What is the value of 88 - 37 - 50 - (-15 + 0)?
16
Evaluate (15 - -22) + -35 - (-7 + 14).
-5
What is the value of -84 - (37 + -40 + 10) - 17?
-108
2 - -1 - (8 - (-22 + 23 + -4))
-8
Calculate (104 - 79) + -122 - -91.
-6
Calculate 20 + (-5 - 8) + -8 - (-72 + 5 - 1).
67
What is the value of 10 + -14 + (17 - (16 - -7)) + 96?
86
Calculate -17 - 6 - ((-19 - -17) + -18 - -19).
-22
What is the value of -48 + 170 - (20 + 90)?
12
47 - (-2 + -1 - (-14 + -5 + 22))
53
-91 + 2 + 19 + 113
43
What is (-6 - -1) + -61 + 29 + (26 - 21)?
-32
What is the value of (8 - 10) + 37 + -41 + 15?
